{"id":2,"date":"2020-07-17T16:21:02","date_gmt":"2020-07-17T14:21:02","guid":{"rendered":"http:\/\/bbrental.sk\/?page_id=2"},"modified":"2025-11-08T16:17:03","modified_gmt":"2025-11-08T15:17:03","slug":"home","status":"publish","type":"page","link":"https:\/\/bbrental.sk\/","title":{"rendered":"Home"},"content":{"rendered":"<p>[et_pb_section fb_built=&#8220;1&#8243; fullwidth=&#8220;on&#8220; _builder_version=&#8220;4.16&#8243; _module_preset=&#8220;default&#8220; collapsed=&#8220;on&#8220; global_colors_info=&#8220;{}&#8220;][et_pb_fullwidth_image src=&#8220;https:\/\/bbrental.sk\/wp-content\/uploads\/baner.jpg&#8220; title_text=&#8220;baner&#8220; _builder_version=&#8220;4.16&#8243; _module_preset=&#8220;default&#8220; global_colors_info=&#8220;{}&#8220;][\/et_pb_fullwidth_image][\/et_pb_section][et_pb_section fb_built=&#8220;1&#8243; _builder_version=&#8220;4.16&#8243; _module_preset=&#8220;default&#8220; background_color=&#8220;rgba(0,0,0,0)&#8220; collapsed=&#8220;off&#8220; global_colors_info=&#8220;{}&#8220;][et_pb_row column_structure=&#8220;1_2,1_2&#8243; _builder_version=&#8220;4.16&#8243; _module_preset=&#8220;default&#8220; collapsed=&#8220;off&#8220; global_colors_info=&#8220;{}&#8220;][et_pb_column type=&#8220;1_2&#8243; _builder_version=&#8220;4.16&#8243; _module_preset=&#8220;default&#8220; global_colors_info=&#8220;{}&#8220;][et_pb_image src=&#8220;https:\/\/bbrental.sk\/wp-content\/uploads\/bbrental-logo-02.png&#8220; title_text=&#8220;bbrental logo 02&#8243; _builder_version=&#8220;4.16&#8243; _module_preset=&#8220;default&#8220; global_colors_info=&#8220;{}&#8220;][\/et_pb_image][\/et_pb_column][et_pb_column type=&#8220;1_2&#8243; _builder_version=&#8220;4.16&#8243; _module_preset=&#8220;default&#8220; global_colors_info=&#8220;{}&#8220;][et_pb_text _builder_version=&#8220;4.16&#8243; _module_preset=&#8220;default&#8220; text_text_color=&#8220;#ffffff&#8220; global_colors_info=&#8220;{}&#8220;]<\/p>\n<p><span style=\"color: #ffcc29;\"><strong>BIKE BROTHERS<\/strong><\/span> &#8211; to sme my, bratia na bicykloch. Adam a Jo\u017eo. U\u017e takmer 20 rokov sa vo vo\u013enom \u010dase venujeme cyklistike. Po\u017ei\u010dov\u0148u e-bikov vn\u00edmame ako mo\u017enos\u0165 spozna\u0165 kr\u00e1su Mal\u00fdch Karp\u00e1t a Malokarpatsk\u00fa vinohradn\u00edcku oblas\u0165. Na\u0161a po\u017ei\u010dov\u0148a BIKEBROTHERS RENTAL sa nach\u00e1dza v obci Limbach vo v\u00fdbornej dostupnosti z Bratislavy a okolia. Vyu\u017eite mo\u017enos\u0165 bezpe\u010dne zaparkova\u0165 auto vo dvore po\u017ei\u010dovne, prenaja\u0165 si kvalitn\u00fd e-bike a\u00a0spoznajte kr\u00e1su okolitej pr\u00edrody.<\/p>\n<p>[\/et_pb_text][et_pb_text _builder_version=&#8220;4.16&#8243; _module_preset=&#8220;default&#8220; text_text_color=&#8220;#ffffff&#8220; global_colors_info=&#8220;{}&#8220;]<\/p>\n<p><span style=\"color: #ffcc29;\"><strong>MO\u017dNOSTI PREN\u00c1JMU<\/strong>\u00a0<\/span><br \/>Celodenn\u00fd pren\u00e1jom 35\u20ac<br \/>Poldenn\u00fd pren\u00e1jom 25\u20ac<br \/>10% z\u013eava pre rodiny s de\u0165mi<br \/>10% z\u013eava pre skupinu min. 4 osoby<br \/>Nutn\u00e1 vratn\u00e1 kaucia za pr\u00edpadn\u00e9 sp\u00f4soben\u00e9 \u0161kody.<\/p>\n<p>[\/et_pb_text][et_pb_text _builder_version=&#8220;4.16&#8243; _module_preset=&#8220;default&#8220; text_text_color=&#8220;#ffffff&#8220; global_colors_info=&#8220;{}&#8220;]<\/p>\n<p><span style=\"color: #ffcc29;\"><span style=\"caret-color: #ffcc29;\"><b>DOPLNKOV\u00c9 SLU\u017dBY<\/b><\/span><\/span><br \/>Cyklov\u00fdlet so sprievodcom. Ochutn\u00e1vka v\u00edna.<\/p>\n<p>[\/et_pb_text][\/et_pb_column][\/et_pb_row][et_pb_row column_structure=&#8220;1_2,1_2&#8243; _builder_version=&#8220;4.16&#8243; _module_preset=&#8220;default&#8220; collapsed=&#8220;off&#8220; global_colors_info=&#8220;{}&#8220;][et_pb_column type=&#8220;1_2&#8243; _builder_version=&#8220;4.16&#8243; _module_preset=&#8220;default&#8220; global_colors_info=&#8220;{}&#8220;][et_pb_image src=&#8220;https:\/\/bbrental.sk\/wp-content\/uploads\/ebikes-ktm.jpg&#8220; title_text=&#8220;ebikes-ktm&#8220; show_in_lightbox=&#8220;on&#8220; _builder_version=&#8220;4.16&#8243; _module_preset=&#8220;default&#8220; border_radii=&#8220;on|10px|10px|10px|10px&#8220; border_width_all=&#8220;1px&#8220; border_color_all=&#8220;rgba(0,0,0,0)&#8220; global_colors_info=&#8220;{}&#8220;][\/et_pb_image][\/et_pb_column][et_pb_column type=&#8220;1_2&#8243; _builder_version=&#8220;4.16&#8243; _module_preset=&#8220;default&#8220; global_colors_info=&#8220;{}&#8220;][et_pb_text _builder_version=&#8220;4.16&#8243; _module_preset=&#8220;default&#8220; text_text_color=&#8220;#ffffff&#8220; global_colors_info=&#8220;{}&#8220;]<\/p>\n<p><span style=\"color: #ffcc29;\"><strong>KTM MACINA ACTION 271<\/strong><\/span><br \/>ve\u013ekos\u0165 r\u00e1mu S vhodn\u00fd na v\u00fd\u0161ku postavy 160 &#8211; 175 cm<\/p>\n<p><span style=\"color: #ffcc29;\"><strong>KTM MACINA ACTION 291<\/strong><\/span><br \/>ve\u013ekos\u0165 r\u00e1mu M vhodn\u00fd na v\u00fd\u0161ku postavy 175 &#8211; 185 cm<\/p>\n<p><span style=\"color: #ffcc29;\"><strong>KTM MACINA ACTION 291<\/strong><\/span><br \/>ve\u013ekos\u0165 r\u00e1mu L vhodn\u00fd na v\u00fd\u0161ku postavy 185 &#8211; 195 cm<\/p>\n<p><span style=\"color: #ffcc29;\"><strong>KTM MACINA ACTION 291<\/strong><\/span><br \/>ve\u013ekos\u0165 r\u00e1mu XL vhodn\u00fd na v\u00fd\u0161ku postavy nad 195 cm<\/p>\n<p>[\/et_pb_text][\/et_pb_column][\/et_pb_row][et_pb_row column_structure=&#8220;1_2,1_2&#8243; _builder_version=&#8220;4.16&#8243; _module_preset=&#8220;default&#8220; collapsed=&#8220;off&#8220; global_colors_info=&#8220;{}&#8220;][et_pb_column type=&#8220;1_2&#8243; _builder_version=&#8220;4.16&#8243; _module_preset=&#8220;default&#8220; global_colors_info=&#8220;{}&#8220;][et_pb_image src=&#8220;https:\/\/bbrental.sk\/wp-content\/uploads\/ebikes-ghost.jpg&#8220; title_text=&#8220;ebikes-ghost&#8220; show_in_lightbox=&#8220;on&#8220; _builder_version=&#8220;4.16&#8243; _module_preset=&#8220;default&#8220; border_radii=&#8220;on|10px|10px|10px|10px&#8220; global_colors_info=&#8220;{}&#8220;][\/et_pb_image][\/et_pb_column][et_pb_column type=&#8220;1_2&#8243; _builder_version=&#8220;4.16&#8243; _module_preset=&#8220;default&#8220; global_colors_info=&#8220;{}&#8220;][et_pb_text _builder_version=&#8220;4.16&#8243; _module_preset=&#8220;default&#8220; text_text_color=&#8220;#ffffff&#8220; global_colors_info=&#8220;{}&#8220;]<\/p>\n<p><span style=\"color: #ffcc29;\"><strong>GHOST KATO S3.9<\/strong><\/span><br \/>ve\u013ekos\u0165 r\u00e1mu S vhodn\u00fd na v\u00fd\u0161ku postavy 160 &#8211; 175 cm<\/p>\n<p><strong><span style=\"color: #ffcc29;\">GHOST KATO X5.7<\/span><br \/><\/strong>velkos\u0165 r\u00e1mu M vhodn\u00fd na v\u00fd\u0161ku postavy 175 &#8211; 185 cm<\/p>\n<p><strong><span style=\"color: #ffcc29;\">GHOST KATO X5.7<\/span><br \/><\/strong>velkos\u0165 r\u00e1mu L vhodn\u00fd na v\u00fd\u0161ku postavy 185 &#8211; 195 cm<\/p>\n<p><span style=\"color: #ffcc29;\"><strong>GHOST KATO X5.7<\/strong><\/span><br \/>ve\u013ekost r\u00e1mu XL vhodn\u00fd na v\u00fd\u0161ku postavy nad 195 cm<\/p>\n<p>[\/et_pb_text][\/et_pb_column][\/et_pb_row][et_pb_row column_structure=&#8220;1_2,1_2&#8243; _builder_version=&#8220;4.16&#8243; _module_preset=&#8220;default&#8220; collapsed=&#8220;off&#8220; global_colors_info=&#8220;{}&#8220;][et_pb_column type=&#8220;1_2&#8243; _builder_version=&#8220;4.16&#8243; _module_preset=&#8220;default&#8220; global_colors_info=&#8220;{}&#8220;][et_pb_map address=&#8220;SNP 18\/14, 900 91 Limbach, Slovakia&#8220; address_lat=&#8220;48.2877243&#8243; address_lng=&#8220;17.2241351&#8243; use_grayscale_filter=&#8220;on&#8220; grayscale_filter_amount=&#8220;100&#8243; _builder_version=&#8220;4.16&#8243; _module_preset=&#8220;default&#8220; border_radii=&#8220;on|10px|10px|10px|10px&#8220; global_colors_info=&#8220;{}&#8220;][et_pb_map_pin title=&#8220;BB RENTAL&#8220; pin_address=&#8220;SNP 18\/14, 900 91 Limbach, Slovakia&#8220; zoom_level=&#8220;19&#8243; pin_address_lat=&#8220;48.2877243&#8243; pin_address_lng=&#8220;17.2241351&#8243; _builder_version=&#8220;4.5.1&#8243; _module_preset=&#8220;default&#8220; global_colors_info=&#8220;{}&#8220;][\/et_pb_map_pin][\/et_pb_map][\/et_pb_column][et_pb_column type=&#8220;1_2&#8243; _builder_version=&#8220;4.16&#8243; _module_preset=&#8220;default&#8220; global_colors_info=&#8220;{}&#8220;][et_pb_text _builder_version=&#8220;4.16&#8243; _module_preset=&#8220;default&#8220; text_text_color=&#8220;#ffffff&#8220; global_colors_info=&#8220;{}&#8220;]<\/p>\n<p><strong><span style=\"color: #ffcc29;\">BIKE BROTHERS RENTAL<\/span><br \/><\/strong>SNP14\/10<br \/>900 91 LIMBACH<br \/>SLOVENSKO<br \/>tel.:\u00a0+421 908 116\u00a0903<br \/>e-mail: info@bbrental.sk<br \/>www.bbrental.sk<\/p>\n<p>[\/et_pb_text][et_pb_social_media_follow _builder_version=&#8220;4.16&#8243; _module_preset=&#8220;default&#8220; global_colors_info=&#8220;{}&#8220;][et_pb_social_media_follow_network social_network=&#8220;instagram&#8220; url=&#8220;https:\/\/www.instagram.com\/bikebrothersrental\/&#8220; _builder_version=&#8220;4.16&#8243; _module_preset=&#8220;default&#8220; background_color=&#8220;#e02b20&#8243; background_enable_color=&#8220;on&#8220; global_colors_info=&#8220;{}&#8220; follow_button=&#8220;off&#8220; url_new_window=&#8220;on&#8220;]instagram[\/et_pb_social_media_follow_network][et_pb_social_media_follow_network social_network=&#8220;facebook&#8220; url=&#8220;https:\/\/www.facebook.com\/bikebrothers.sk\/&#8220; _builder_version=&#8220;4.16&#8243; _module_preset=&#8220;default&#8220; background_color=&#8220;#0c71c3&#8243; background_enable_color=&#8220;on&#8220; global_colors_info=&#8220;{}&#8220; follow_button=&#8220;off&#8220; url_new_window=&#8220;on&#8220;]facebook[\/et_pb_social_media_follow_network][\/et_pb_social_media_follow][\/et_pb_column][\/et_pb_row][\/et_pb_section][et_pb_section fb_built=&#8220;1&#8243; _builder_version=&#8220;4.16&#8243; _module_preset=&#8220;default&#8220; background_color=&#8220;#ffcc29&#8243; custom_margin=&#8220;0px||0px||false|false&#8220; custom_padding=&#8220;0px||0px||false|false&#8220; collapsed=&#8220;off&#8220; global_colors_info=&#8220;{}&#8220;][et_pb_row _builder_version=&#8220;4.16&#8243; _module_preset=&#8220;default&#8220; min_height=&#8220;54px&#8220; custom_margin=&#8220;||||false|false&#8220; custom_padding=&#8220;10px||5px||false|false&#8220; collapsed=&#8220;off&#8220; global_colors_info=&#8220;{}&#8220;][et_pb_column type=&#8220;4_4&#8243; _builder_version=&#8220;4.16&#8243; _module_preset=&#8220;default&#8220; global_colors_info=&#8220;{}&#8220;][et_pb_text _builder_version=&#8220;4.27.4&#8243; _module_preset=&#8220;default&#8220; text_text_color=&#8220;#ffffff&#8220; header_3_text_color=&#8220;#000000&#8243; header_3_line_height=&#8220;1.3em&#8220; custom_margin=&#8220;0px|0px|0px|0px|false|false&#8220; custom_padding=&#8220;0px|0px|0px|0px|false|false&#8220; hover_enabled=&#8220;0&#8243; global_colors_info=&#8220;{}&#8220; sticky_enabled=&#8220;0&#8243;]<\/p>\n<h3 style=\"text-align: center;\"><strong>+421 908 116 903 \u00a0<\/strong><a href=\"mailto:info@bbrental.sk\"><strong>info@bbrental.sk<\/strong><\/a><\/h3>\n<p style=\"text-align: center;\"><span style=\"color: #333333;\">\u00a9 2025 BB RENTAL I designed by <a style=\"color: #333333;\" href=\"https:\/\/web.atelier.sk\">web.atelier.sk<\/a><\/span><\/p>\n<p>[\/et_pb_text][\/et_pb_column][\/et_pb_row][\/et_pb_section]<\/p>\n","protected":false},"excerpt":{"rendered":"<p>BIKE BROTHERS &#8211; to sme my, bratia na bicykloch. Adam a Jo\u017eo. U\u017e takmer 20 rokov sa vo vo\u013enom \u010dase venujeme cyklistike. Po\u017ei\u010dov\u0148u e-bikov vn\u00edmame ako mo\u017enos\u0165 spozna\u0165 kr\u00e1su Mal\u00fdch Karp\u00e1t a Malokarpatsk\u00fa vinohradn\u00edcku oblas\u0165. Na\u0161a po\u017ei\u010dov\u0148a BIKEBROTHERS RENTAL sa nach\u00e1dza v obci Limbach vo v\u00fdbornej dostupnosti z Bratislavy a okolia. Vyu\u017eite mo\u017enos\u0165 bezpe\u010dne zaparkova\u0165 [&hellip;]<\/p>\n","protected":false},"author":1,"featured_media":0,"parent":0,"menu_order":0,"comment_status":"closed","ping_status":"open","template":"page-template-blank.php","meta":{"_et_pb_use_builder":"on","_et_pb_old_content":"","_et_gb_content_width":"","_monsterinsights_skip_tracking":false,"_monsterinsights_sitenote_active":false,"_monsterinsights_sitenote_note":"","_monsterinsights_sitenote_category":0},"yoast_head":"<!-- This site is optimized with the Yoast SEO plugin v18.4.1 - https:\/\/yoast.com\/wordpress\/plugins\/seo\/ -->\n<title>Home &gt; bbrental.sk<\/title>\n<meta name=\"robots\" content=\"index, follow, max-snippet:-1, max-image-preview:large, max-video-preview:-1\" \/>\n<link rel=\"canonical\" href=\"https:\/\/bbrental.sk\/\" \/>\n<meta property=\"og:locale\" content=\"sk_SK\" \/>\n<meta property=\"og:type\" content=\"article\" \/>\n<meta property=\"og:title\" content=\"Home &gt; bbrental.sk\" \/>\n<meta property=\"og:description\" content=\"BIKE BROTHERS - to sme my, bratia na bicykloch. Adam a Jo\u017eo. U\u017e takmer 20 rokov sa vo vo\u013enom \u010dase venujeme cyklistike. Po\u017ei\u010dov\u0148u e-bikov vn\u00edmame ako mo\u017enos\u0165 spozna\u0165 kr\u00e1su Mal\u00fdch Karp\u00e1t a Malokarpatsk\u00fa vinohradn\u00edcku oblas\u0165. Na\u0161a po\u017ei\u010dov\u0148a BIKEBROTHERS RENTAL sa nach\u00e1dza v obci Limbach vo v\u00fdbornej dostupnosti z Bratislavy a okolia. Vyu\u017eite mo\u017enos\u0165 bezpe\u010dne zaparkova\u0165 [&hellip;]\" \/>\n<meta property=\"og:url\" content=\"https:\/\/bbrental.sk\/\" \/>\n<meta property=\"og:site_name\" content=\"bbrental.sk\" \/>\n<meta property=\"article:modified_time\" content=\"2025-11-08T15:17:03+00:00\" \/>\n<meta name=\"twitter:card\" content=\"summary_large_image\" \/>\n<meta name=\"twitter:label1\" content=\"Predpokladan\u00fd \u010das \u010d\u00edtania\" \/>\n\t<meta name=\"twitter:data1\" content=\"5 min\u00fat\" \/>\n<script type=\"application\/ld+json\" class=\"yoast-schema-graph\">{\"@context\":\"https:\/\/schema.org\",\"@graph\":[{\"@type\":\"Organization\",\"@id\":\"https:\/\/bbrental.sk\/#organization\",\"name\":\"BIKE BROTHERS RENTAL EBIKE POZI\u010cOV\u0147A LIMBACH\",\"url\":\"https:\/\/bbrental.sk\/\",\"sameAs\":[\"https:\/\/www.instagram.com\/bikebrothersrental\"],\"logo\":{\"@type\":\"ImageObject\",\"@id\":\"https:\/\/bbrental.sk\/#logo\",\"inLanguage\":\"sk-SK\",\"url\":\"https:\/\/bbrental.sk\/wp-content\/uploads\/bbrental-favicon.png\",\"contentUrl\":\"https:\/\/bbrental.sk\/wp-content\/uploads\/bbrental-favicon.png\",\"width\":512,\"height\":512,\"caption\":\"BIKE BROTHERS RENTAL EBIKE POZI\u010cOV\u0147A LIMBACH\"},\"image\":{\"@id\":\"https:\/\/bbrental.sk\/#logo\"}},{\"@type\":\"WebSite\",\"@id\":\"https:\/\/bbrental.sk\/#website\",\"url\":\"https:\/\/bbrental.sk\/\",\"name\":\"Bike Brothers Rental Limbach\",\"description\":\"Rental e-bikes\",\"publisher\":{\"@id\":\"https:\/\/bbrental.sk\/#organization\"},\"potentialAction\":[{\"@type\":\"SearchAction\",\"target\":{\"@type\":\"EntryPoint\",\"urlTemplate\":\"https:\/\/bbrental.sk\/?s={search_term_string}\"},\"query-input\":\"required name=search_term_string\"}],\"inLanguage\":\"sk-SK\"},{\"@type\":\"WebPage\",\"@id\":\"https:\/\/bbrental.sk\/#webpage\",\"url\":\"https:\/\/bbrental.sk\/\",\"name\":\"Home &gt; bbrental.sk\",\"isPartOf\":{\"@id\":\"https:\/\/bbrental.sk\/#website\"},\"datePublished\":\"2020-07-17T14:21:02+00:00\",\"dateModified\":\"2025-11-08T15:17:03+00:00\",\"breadcrumb\":{\"@id\":\"https:\/\/bbrental.sk\/#breadcrumb\"},\"inLanguage\":\"sk-SK\",\"potentialAction\":[{\"@type\":\"ReadAction\",\"target\":[\"https:\/\/bbrental.sk\/\"]}]},{\"@type\":\"BreadcrumbList\",\"@id\":\"https:\/\/bbrental.sk\/#breadcrumb\",\"itemListElement\":[{\"@type\":\"ListItem\",\"position\":1,\"name\":\"Home\",\"item\":\"https:\/\/bbrental.sk\/\"},{\"@type\":\"ListItem\",\"position\":2,\"name\":\"Home\"}]}]}<\/script>\n<!-- \/ Yoast SEO plugin. -->","yoast_head_json":{"title":"Home &gt; bbrental.sk","robots":{"index":"index","follow":"follow","max-snippet":"max-snippet:-1","max-image-preview":"max-image-preview:large","max-video-preview":"max-video-preview:-1"},"canonical":"https:\/\/bbrental.sk\/","og_locale":"sk_SK","og_type":"article","og_title":"Home &gt; bbrental.sk","og_description":"BIKE BROTHERS - to sme my, bratia na bicykloch. Adam a Jo\u017eo. U\u017e takmer 20 rokov sa vo vo\u013enom \u010dase venujeme cyklistike. Po\u017ei\u010dov\u0148u e-bikov vn\u00edmame ako mo\u017enos\u0165 spozna\u0165 kr\u00e1su Mal\u00fdch Karp\u00e1t a Malokarpatsk\u00fa vinohradn\u00edcku oblas\u0165. Na\u0161a po\u017ei\u010dov\u0148a BIKEBROTHERS RENTAL sa nach\u00e1dza v obci Limbach vo v\u00fdbornej dostupnosti z Bratislavy a okolia. Vyu\u017eite mo\u017enos\u0165 bezpe\u010dne zaparkova\u0165 [&hellip;]","og_url":"https:\/\/bbrental.sk\/","og_site_name":"bbrental.sk","article_modified_time":"2025-11-08T15:17:03+00:00","twitter_card":"summary_large_image","twitter_misc":{"Predpokladan\u00fd \u010das \u010d\u00edtania":"5 min\u00fat"},"schema":{"@context":"https:\/\/schema.org","@graph":[{"@type":"Organization","@id":"https:\/\/bbrental.sk\/#organization","name":"BIKE BROTHERS RENTAL EBIKE POZI\u010cOV\u0147A LIMBACH","url":"https:\/\/bbrental.sk\/","sameAs":["https:\/\/www.instagram.com\/bikebrothersrental"],"logo":{"@type":"ImageObject","@id":"https:\/\/bbrental.sk\/#logo","inLanguage":"sk-SK","url":"https:\/\/bbrental.sk\/wp-content\/uploads\/bbrental-favicon.png","contentUrl":"https:\/\/bbrental.sk\/wp-content\/uploads\/bbrental-favicon.png","width":512,"height":512,"caption":"BIKE BROTHERS RENTAL EBIKE POZI\u010cOV\u0147A LIMBACH"},"image":{"@id":"https:\/\/bbrental.sk\/#logo"}},{"@type":"WebSite","@id":"https:\/\/bbrental.sk\/#website","url":"https:\/\/bbrental.sk\/","name":"Bike Brothers Rental Limbach","description":"Rental e-bikes","publisher":{"@id":"https:\/\/bbrental.sk\/#organization"},"potentialAction":[{"@type":"SearchAction","target":{"@type":"EntryPoint","urlTemplate":"https:\/\/bbrental.sk\/?s={search_term_string}"},"query-input":"required name=search_term_string"}],"inLanguage":"sk-SK"},{"@type":"WebPage","@id":"https:\/\/bbrental.sk\/#webpage","url":"https:\/\/bbrental.sk\/","name":"Home &gt; bbrental.sk","isPartOf":{"@id":"https:\/\/bbrental.sk\/#website"},"datePublished":"2020-07-17T14:21:02+00:00","dateModified":"2025-11-08T15:17:03+00:00","breadcrumb":{"@id":"https:\/\/bbrental.sk\/#breadcrumb"},"inLanguage":"sk-SK","potentialAction":[{"@type":"ReadAction","target":["https:\/\/bbrental.sk\/"]}]},{"@type":"BreadcrumbList","@id":"https:\/\/bbrental.sk\/#breadcrumb","itemListElement":[{"@type":"ListItem","position":1,"name":"Home","item":"https:\/\/bbrental.sk\/"},{"@type":"ListItem","position":2,"name":"Home"}]}]}},"_links":{"self":[{"href":"https:\/\/bbrental.sk\/index.php\/wp-json\/wp\/v2\/pages\/2"}],"collection":[{"href":"https:\/\/bbrental.sk\/index.php\/wp-json\/wp\/v2\/pages"}],"about":[{"href":"https:\/\/bbrental.sk\/index.php\/wp-json\/wp\/v2\/types\/page"}],"author":[{"embeddable":true,"href":"https:\/\/bbrental.sk\/index.php\/wp-json\/wp\/v2\/users\/1"}],"replies":[{"embeddable":true,"href":"https:\/\/bbrental.sk\/index.php\/wp-json\/wp\/v2\/comments?post=2"}],"version-history":[{"count":5,"href":"https:\/\/bbrental.sk\/index.php\/wp-json\/wp\/v2\/pages\/2\/revisions"}],"predecessor-version":[{"id":119,"href":"https:\/\/bbrental.sk\/index.php\/wp-json\/wp\/v2\/pages\/2\/revisions\/119"}],"wp:attachment":[{"href":"https:\/\/bbrental.sk\/index.php\/wp-json\/wp\/v2\/media?parent=2"}],"curies":[{"name":"wp","href":"https:\/\/api.w.org\/{rel}","templated":true}]}}